{"id":170,"date":"2015-02-12T09:25:53","date_gmt":"2015-02-12T09:25:53","guid":{"rendered":"http:\/\/inunsdasuniversum.de\/?page_id=170"},"modified":"2017-04-04T14:10:22","modified_gmt":"2017-04-04T14:10:22","slug":"directors-note","status":"publish","type":"page","link":"http:\/\/inunsdasuniversum.de\/?page_id=170","title":{"rendered":"Press"},"content":{"rendered":"<blockquote class=\"wp-embedded-content\" data-secret=\"feGzZEVC51\"><p><a href=\"http:\/\/www.formatcourt.com\/2016\/01\/lisa-krane-le-cinema-peut-sexprimer-de-differentes-facons-et-a-differents-niveaux-et-cest-ce-qui-me-passionne\/\">Lisa Krane : \u00ab\u00a0Le cin\u00e9ma peut s\u2019exprimer de diff\u00e9rentes fa\u00e7ons et \u00e0 diff\u00e9rents niveaux et c\u2019est ce qui me passionne\u00a0\u00bb<\/a><\/p><\/blockquote>\n<p><iframe loading=\"lazy\" class=\"wp-embedded-content\" sandbox=\"allow-scripts\" security=\"restricted\" style=\"position: absolute; clip: rect(1px, 1px, 1px, 1px);\" title=\"\u00ab\u00a0Lisa Krane : \u00ab\u00a0Le cin\u00e9ma peut s\u2019exprimer de diff\u00e9rentes fa\u00e7ons et \u00e0 diff\u00e9rents niveaux et c\u2019est ce qui me passionne\u00a0\u00bb\u00a0\u00bb &#8212; Format Court\" src=\"http:\/\/www.formatcourt.com\/2016\/01\/lisa-krane-le-cinema-peut-sexprimer-de-differentes-facons-et-a-differents-niveaux-et-cest-ce-qui-me-passionne\/embed\/#?secret=feGzZEVC51\" data-secret=\"feGzZEVC51\" width=\"600\" height=\"338\" frameborder=\"0\" marginwidth=\"0\" marginheight=\"0\" scrolling=\"no\"><\/iframe><\/p>\n<blockquote class=\"wp-embedded-content\" data-secret=\"ppnbAxbH0I\"><p><a href=\"http:\/\/www.formatcourt.com\/2015\/11\/in-uns-das-universum-de-lisa-krane-prix-format-court-au-festival-de-villeurbanne\/\">In uns das universum de Lisa Krane, Prix Format Court au festival de Villeurbanne 2015<\/a><\/p><\/blockquote>\n<p><iframe loading=\"lazy\" class=\"wp-embedded-content\" sandbox=\"allow-scripts\" security=\"restricted\" style=\"position: absolute; clip: rect(1px, 1px, 1px, 1px);\" title=\"\u00ab\u00a0In uns das universum de Lisa Krane, Prix Format Court au festival de Villeurbanne 2015\u00a0\u00bb &#8212; Format Court\" src=\"http:\/\/www.formatcourt.com\/2015\/11\/in-uns-das-universum-de-lisa-krane-prix-format-court-au-festival-de-villeurbanne\/embed\/#?secret=ppnbAxbH0I\" data-secret=\"ppnbAxbH0I\" width=\"600\" height=\"338\" frameborder=\"0\" marginwidth=\"0\" marginheight=\"0\" scrolling=\"no\"><\/iframe><\/p>\n<p><a href=\"http:\/\/www.bild.de\/regional\/saarland\/filmfestival-max-ophuels-preis\/wir-sind-die-ophuels-preistraeger-39490330.bild.html\">http:\/\/www.bild.de\/regional\/saarland\/filmfestival-max-ophuels-preis\/wir-sind-die-ophuels-preistraeger-39490330.bild.html<\/a><\/p>\n<p><a href=\"http:\/\/www.focus.de\/fotos\/die-nominierten-drehbuchautoren-marina-guerrini-l-r-florian-gottschick-und-lisa-krane-sind-fuer-den-studio-hamburg-nachwuchspreis-2015-nominiert_id_4770233.html\">http:\/\/www.focus.de\/fotos\/die-nominierten-drehbuchautoren-marina-guerrini-l-r-florian-gottschick-und-lisa-krane-sind-fuer-den-studio-hamburg-nachwuchspreis-2015-nominiert_id_4770233.html<\/a><\/p>\n<p><a href=\"http:\/\/www.op-marburg.de\/Lokales\/Marburg\/Ich-wollte-immer-Geschichten-erzaehlen\">http:\/\/www.op-marburg.de\/Lokales\/Marburg\/Ich-wollte-immer-Geschichten-erzaehlen<\/a><\/p>\n<p><a href=\"http:\/\/www.wearemovingstories.com\/we-are-moving-stories-videos\/2017\/4\/4\/revolution-film-festival-the-universe-in-us\">http:\/\/www.wearemovingstories.com\/we-are-moving-stories-videos\/2017\/4\/4\/revolution-film-festival-the-universe-in-us<\/a><\/p>\n<p><a href=\"http:\/\/www.max-ophuels-preis.de\/informationen_fuer_pressevertreter\/artikeldetail\/article-54c410ece1bf5\">http:\/\/www.max-ophuels-preis.de\/informationen_fuer_pressevertreter\/artikeldetail\/article-54c410ece1bf5<\/a><\/p>\n<p>&nbsp;<\/p>\n","protected":false},"excerpt":{"rendered":"<p>Lisa Krane : \u00ab\u00a0Le cin\u00e9ma peut s\u2019exprimer de diff\u00e9rentes fa\u00e7ons et \u00e0 diff\u00e9rents niveaux et c\u2019est ce qui me passionne\u00a0\u00bb In uns das universum de Lisa Krane, Prix Format Court au festival de Villeurbanne 2015 http:\/\/www.bild.de\/regional\/saarland\/filmfestival-max-ophuels-preis\/wir-sind-die-ophuels-preistraeger-39490330.bild.html http:\/\/www.focus.de\/fotos\/die-nominierten-drehbuchautoren-marina-guerrini-l-r-florian-gottschick-und-lisa-krane-sind-fuer-den-studio-hamburg-nachwuchspreis-2015-nominiert_id_4770233.html http:\/\/www.op-marburg.de\/Lokales\/Marburg\/Ich-wollte-immer-Geschichten-erzaehlen http:\/\/www.wearemovingstories.com\/we-are-moving-stories-videos\/2017\/4\/4\/revolution-film-festival-the-universe-in-us http:\/\/www.max-ophuels-preis.de\/informationen_fuer_pressevertreter\/artikeldetail\/article-54c410ece1bf5 &nbsp;<\/p>\n","protected":false},"author":2,"featured_media":0,"parent":0,"menu_order":0,"comment_status":"closed","ping_status":"closed","template":"","meta":{"footnotes":""},"class_list":["post-170","page","type-page","status-publish","hentry"],"_links":{"self":[{"href":"http:\/\/inunsdasuniversum.de\/index.php?rest_route=\/wp\/v2\/pages\/170","targetHints":{"allow":["GET"]}}],"collection":[{"href":"http:\/\/inunsdasuniversum.de\/index.php?rest_route=\/wp\/v2\/pages"}],"about":[{"href":"http:\/\/inunsdasuniversum.de\/index.php?rest_route=\/wp\/v2\/types\/page"}],"author":[{"embeddable":true,"href":"http:\/\/inunsdasuniversum.de\/index.php?rest_route=\/wp\/v2\/users\/2"}],"replies":[{"embeddable":true,"href":"http:\/\/inunsdasuniversum.de\/index.php?rest_route=%2Fwp%2Fv2%2Fcomments&post=170"}],"version-history":[{"count":19,"href":"http:\/\/inunsdasuniversum.de\/index.php?rest_route=\/wp\/v2\/pages\/170\/revisions"}],"predecessor-version":[{"id":204,"href":"http:\/\/inunsdasuniversum.de\/index.php?rest_route=\/wp\/v2\/pages\/170\/revisions\/204"}],"wp:attachment":[{"href":"http:\/\/inunsdasuniversum.de\/index.php?rest_route=%2Fwp%2Fv2%2Fmedia&parent=170"}],"curies":[{"name":"wp","href":"https:\/\/api.w.org\/{rel}","templated":true}]}}

<blockquote class="wp-embedded-content" data-secret="feGzZEVC51"><p><a href="http://www.formatcourt.com/2016/01/lisa-krane-le-cinema-peut-sexprimer-de-differentes-facons-et-a-differents-niveaux-et-cest-ce-qui-me-passionne/">Lisa Krane : « Le cinéma peut s’exprimer de différentes façons et à différents niveaux et c’est ce qui me passionne »</a></p></blockquote>
<p><iframe loading="lazy" class="wp-embedded-content" sandbox="allow-scripts" security="restricted" style="position: absolute; clip: rect(1px, 1px, 1px, 1px);" title="« Lisa Krane : « Le cinéma peut s’exprimer de différentes façons et à différents niveaux et c’est ce qui me passionne » » &#8212; Format Court" src="http://www.formatcourt.com/2016/01/lisa-krane-le-cinema-peut-sexprimer-de-differentes-facons-et-a-differents-niveaux-et-cest-ce-qui-me-passionne/embed/#?secret=feGzZEVC51" data-secret="feGzZEVC51" width="600" height="338" frameborder="0" marginwidth="0" marginheight="0" scrolling="no"></iframe></p>
<blockquote class="wp-embedded-content" data-secret="ppnbAxbH0I"><p><a href="http://www.formatcourt.com/2015/11/in-uns-das-universum-de-lisa-krane-prix-format-court-au-festival-de-villeurbanne/">In uns das universum de Lisa Krane, Prix Format Court au festival de Villeurbanne 2015</a></p></blockquote>
<p><iframe loading="lazy" class="wp-embedded-content" sandbox="allow-scripts" security="restricted" style="position: absolute; clip: rect(1px, 1px, 1px, 1px);" title="« In uns das universum de Lisa Krane, Prix Format Court au festival de Villeurbanne 2015 » &#8212; Format Court" src="http://www.formatcourt.com/2015/11/in-uns-das-universum-de-lisa-krane-prix-format-court-au-festival-de-villeurbanne/embed/#?secret=ppnbAxbH0I" data-secret="ppnbAxbH0I" width="600" height="338" frameborder="0" marginwidth="0" marginheight="0" scrolling="no"></iframe></p>
<p><a href="http://www.bild.de/regional/saarland/filmfestival-max-ophuels-preis/wir-sind-die-ophuels-preistraeger-39490330.bild.html">http://www.bild.de/regional/saarland/filmfestival-max-ophuels-preis/wir-sind-die-ophuels-preistraeger-39490330.bild.html</a></p>
<p><a href="http://www.focus.de/fotos/die-nominierten-drehbuchautoren-marina-guerrini-l-r-florian-gottschick-und-lisa-krane-sind-fuer-den-studio-hamburg-nachwuchspreis-2015-nominiert_id_4770233.html">http://www.focus.de/fotos/die-nominierten-drehbuchautoren-marina-guerrini-l-r-florian-gottschick-und-lisa-krane-sind-fuer-den-studio-hamburg-nachwuchspreis-2015-nominiert_id_4770233.html</a></p>
<p><a href="http://www.op-marburg.de/Lokales/Marburg/Ich-wollte-immer-Geschichten-erzaehlen">http://www.op-marburg.de/Lokales/Marburg/Ich-wollte-immer-Geschichten-erzaehlen</a></p>
<p><a href="http://www.wearemovingstories.com/we-are-moving-stories-videos/2017/4/4/revolution-film-festival-the-universe-in-us">http://www.wearemovingstories.com/we-are-moving-stories-videos/2017/4/4/revolution-film-festival-the-universe-in-us</a></p>
<p><a href="http://www.max-ophuels-preis.de/informationen_fuer_pressevertreter/artikeldetail/article-54c410ece1bf5">http://www.max-ophuels-preis.de/informationen_fuer_pressevertreter/artikeldetail/article-54c410ece1bf5</a></p>
<p>&nbsp;</p>

<p>Lisa Krane : « Le cinéma peut s’exprimer de différentes façons et à différents niveaux et c’est ce qui me passionne » In uns das universum de Lisa Krane, Prix Format Court au festival de Villeurbanne 2015 http://www.bild.de/regional/saarland/filmfestival-max-ophuels-preis/wir-sind-die-ophuels-preistraeger-39490330.bild.html http://www.focus.de/fotos/die-nominierten-drehbuchautoren-marina-guerrini-l-r-florian-gottschick-und-lisa-krane-sind-fuer-den-studio-hamburg-nachwuchspreis-2015-nominiert_id_4770233.html http://www.op-marburg.de/Lokales/Marburg/Ich-wollte-immer-Geschichten-erzaehlen http://www.wearemovingstories.com/we-are-moving-stories-videos/2017/4/4/revolution-film-festival-the-universe-in-us http://www.max-ophuels-preis.de/informationen_fuer_pressevertreter/artikeldetail/article-54c410ece1bf5 &nbsp;</p>
